alse
Is 158241511 composite?
True
Is 12418433 prime?
True
Is 19168937 prime?
True
Is 1124719 a prime number?
True
Is 321397 a composite number?
False
Is 149426689 a composite number?
False
Is 68512693 a prime number?
True
Is 95109103 composite?
True
Is 11023583 a prime number?
True
Is 25331473 composite?
True
Is 25766987 composite?
False
Is 2205457 composite?
True
Is 761658659 prime?
True
Is 9307567 prime?
False
Is 62306617 a composite number?
False
Is 7115 a prime number?
False
Is 329597 a composite number?
False
Is 1250443 a prime number?
True
Is 2225543 a prime number?
True
Is 2316893 prime?
True
Is 86386109 composite?
False
Is 2353703 a composite number?
True
Is 2643139 a composite number?
True
Is 9658079 a prime number?
True
Is 6011587 composite?
False
Is 195143779 prime?
True
Is 1194157 a composite number?
False
Is 5605553 composite?
False
Is 7887127 a composite number?
True
Is 22533389 a composite number?
False
Is 355699079 composite?
False
Is 5600131 prime?
True
Is 2179677 a composite number?
True
Is 1957001 a prime number?
False
Is 47118497 prime?
False
Is 9538367 a composite number?
False
Is 71273149 a prime number?
True
Is 2034233 composite?
False
Is 54092029 a composite number?
False
Is 19627891 a composite number?
True
Is 33286997 prime?
True
Is 36785789 composite?
False
Is 1337851 a prime number?
True
Is 7076603 a composite number?
False
Is 257407963 a composite number?
True
Is 5291261 a composite number?
False
Is 74977867 a prime number?
True
Is 2719993 prime?
False
Is 283752263 a prime number?
True
Is 50316809 composite?
False
Is 263168803 prime?
True
Is 26779 composite?
True
Is 1351019 a prime number?
True
Is 957708295 composite?
True
Is 18403741 a prime number?
False
Is 15045839 prime?
True
Is 103601831 a composite number?
False
Is 2639413 prime?
False
Is 7486474 prime?
False
Is 7030619 a composite number?
True
Is 88165201 composite?
False
Is 772439 a prime number?
True
Is 10583993 a prime number?
False
Is 1519306 composite?
True
Is 62124649 a prime number?
True
Is 12953771 a prime number?
True
Is 1326197 a prime number?
True
Is 5318301 prime?
False
Is 719201219 composite?
True
Is 153902699 a composite number?
False
Is 6865933 a prime number?
False
Is 3618397 a prime number?
True
Is 5211607 a composite number?
False
Is 41554259 composite?
False
Is 8939753 prime?
False
Is 4259161 composite?
True
Is 4937731 a composite number?
False
Is 71581523 a composite number?
True
Is 442948585 a prime number?
False
Is 166691293 composite?
True
Is 1392737 a prime number?
False
Is 13503239 a prime number?
True
Is 708979 prime?
True
Is 66032221 a prime number?
True
Is 8450213 composite?
True
Is 60357655 composite?
True
Is 1360465 composite?
True
Is 7967929 composite?
True
Is 3230569 a composite number?
True
Is 4116545 a prime number?
False
Is 1498479 composite?
True
Is 1020659 a composite number?
True
Is 21638971 a composite number?
False
Is 179921867 composite?
True
Is 41725339 prime?
False
Is 550468429 a prime number?
False
Is 5536753 composite?
False
Is 16153 composite?
True
Is 18807289 a prime number?
True
Is 8667793 a prime number?
True
Is 128734553 prime?
True
Is 10363303 composite?
True
Is 1683805 a prime number?
False
Is 8780303 a prime number?
False
Is 18173713 composite?
True
Is 2034869 composite?
False
Is 54370519 a prime number?
False
Is 17351111 a composite number?
False
Is 813493 prime?
True
Is 35560771 prime?
True
Is 24269614 a prime number?
False
Is 5408691 a composite number?
True
Is 1480883 prime?
True
Is 11902361 prime?
True
Is 34937171 prime?
False
Is 2429311 a composite number?
False
Is 317221 composite?
True
Is 104813 a composite number?
True
Is 1126159 a composite number?
False
Is 142378151 composite?
True
Is 3014458 prime?
False
Is 28760387 a composite number?
False
Is 32550278 prime?
False
Is 601201 prime?
True
Is 5140237 a prime number?
True
Is 559009349 prime?
False
Is 11171579 prime?
True
Is 10254301 prime?
False
Is 973423 a prime number?
False
Is 911673001 a prime number?
True
Is 12415921 prime?
False
Is 89180209 a prime number?
True
Is 39119263 a prime number?
False
Is 29128651 composite?
False
Is 1233514499 a prime number?
False
Is 3783539 a prime number?
True
Is 3117839 composite?
True
Is 238891 a prime number?
False
Is 160813 a composite number?
False
Is 449821 prime?
True
Is 4401031 composite?
True
Is 207227 a composite number?
False
Is 82610333 a prime number?
False
Is 135853733 prime?
True
Is 300046165 composite?
True
Is 10927879 a prime number?
False
Is 142016933 composite?
False
Is 14711911 composite?
False
Is 54815213 prime?
True
Is 7872331 a composite number?
True
Is 2724803 a prime number?
True
Is 2163817 a prime number?
False
Is 1223323 prime?
True
Is 40151 composite?
False
Is 5013707 a prime number?
False
Is 1203887 composite?
False
Is 5577179 a prime number?
False
Is 220070963 a composite number?
True
Is 101881049 a composite number?
True
Is 2681737 prime?
False
Is 140595214 composite?
True
Is 198221 a composite number?
False
Is 4793123 prime?
True
Is 1182253 a composite number?
False
Is 43059817 a composite number?
False
Is 1191759 a prime number?
False
Is 431203 a composite number?
False
Is 10313653 a prime number?
False
Is 33958087 composite?
False
Is 26449 prime?
True
Is 22398289 a composite number?
False
Is 13876309 a composite number?
False
Is 771163 composite?
False
Is 20435099 prime?
True
Is 4859489 composite?
True
Is 26106082 a prime number?
False
Is 19395529 a composite number?
False
Is 3198107 composite?
True
Is 1141879 a prime number?
False
Is 397831321 prime?
False
Is 308636963 composite?
True
Is 26131927 a composite number?
False
Is 5764985 prime?
False
Is 7379873 a composite number?
False
Is 387280769 composite?
True
Is 86442553 composite?
True
Is 163208029 a composite number?
True
Is 8247599 a prime number?
True
Is 1159923 composite?
True
Is 698951 prime?
False
Is 79753 composite?
True
Is 1430783 a composite number?
False
Is 12449051 a prime number?
False
Is 397223381 a composite number?
False
Is 138889 prime?
True
Is 910747 composite?
False
Is 545639 prime?
False
Is 13496317 composite?
True
Is 24601387 composite?
False
Is 4451437 composite?
False
Is 467695201 a prime number?
True
Is 11441531 a prime number?
False
Is 10788821 prime?
True
Is 4037389 a composite number?
False
Is 83877953 composite?
False
Is 15459677 prime?
False
Is 39367941 a composite number?
True
Is 4064633 composite?
False
Is 609286 a prime number?
False
Is 2191687 a prime number?
True
Is 767663 composite?
True
Is 25945859 composite?
True
Is 70005559 composite?
True
Is 6308419 a composite number?
True
Is 306703381 a composite number?
True
Is 29649427 prime?
False
Is 6774479 a prime number?
True
Is 23200357 a composite number?
False
Is 62672891 a prime number?
True
Is 11083991 a composite number?
True
Is 3119341 a composite number?
False
Is 106771901 a prime number?
True
Is 33681421 a prime number?
False
Is 64133593 prime?
True
Is 18377941 a prime number?
False
Is 3808466 a prime number?
False
Is 136672637 composite?
True
Is 4241399 a composite number?
False
Is 274400447 a composite number?
False
Is 12207253 a prime number?
False
Is 55416371 a composite number?
False
Is 1580881 prime?
False
Is 20225045 a prime number?
False
Is 445289 a composite number?
True
Is 4004179 prime?
True
Is 5489321 prime?
False
Is 42762677 a prime number?
True
Is 3453409 a prime number?
True
Is 5672291 a prime number?
True
Is 1914323 a prime number?
True
Is 1533943 a composite number?
True
Is 37521899 a prime number?
False
Is 385222891 a composite number?
True
Is 23241947 composite?
False
Is 8136251 prime?
False
Is 154485453 a prime number?
False
Is 4203439 composite?
True
Is 4399289 prime?
True
Is 45962011 a prime number?
True
Is 21583799 a composite number?
False
Is 34322434 a composite number?
True
Is 539881 composite?
False
Is 2891657 a prime number?
True
Is 245865953 a prime number?
True
Is 19286321 prime?
True
Is 127771629 a prime number?
False
Is 110828447 composite?
False
Is 293024609 a prime number?
True
Is 3155637 a prime number?
False
Is 5254219 a prime number?
False
Is 38164277 a composite number?
False
Is 4589407 prime?
True
Is 131617691 a prime number?
False
Is 411779 composite?
False
Is 46202069 a prime number?
False
Is 